alculate the greatest common divisor of b and 2.
2
Suppose 13*i - 6*i + 497 = 0. Let x(c) = -9*c**2 + 4*c + 5. Let s be x(4). Let b = i - s. Calculate the greatest common factor of 26 and b.
26
Suppose -18*l - 80 = -13*l. Let h be 3/(-5) - l/10. Calculate the highest common factor of h and 9.
1
Suppose 2*l = t + 110, -5*l - 104 = -7*l + 4*t. What is the highest common factor of l and 14?
14
Let y = -94 - -121. Let k = 2 + 1. Suppose 0 = -k*c - y + 99. Calculate the greatest common factor of c and 240.
24
Let g be 1/4 - 1317/(-12). Let b be (-7)/((-5)/(150/21)). What is the highest common factor of g and b?
10
Suppose -29*f + 25*f = -576. What is the highest common factor of 8 and f?
8
Let g = -11 - -18. Let d = g + 0. Let q be (-3 - 1 - d)/(-1). Calculate the greatest common factor of q and 88.
11
Let k be (-133042)/(-51) + 1/6*8. Calculate the greatest common divisor of 20 and k.
10
Let y(u) = u**3 + 53*u**2 + 134*u + 72. Let t be y(-50). What is the greatest common divisor of 8 and t?
8
Let y = -12 - -15. Suppose -3*i + 1 = -50. Suppose -2*v = -i - 37. Calculate the highest common factor of y and v.
3
Let q be (3 - (-35)/(-11)) + (-1206)/22. Let m = -52 - q. What is the greatest common divisor of m and 12?
3
Suppose -4*w - 16 = -4*b, -3*w - 4*b = -6*b + 9. Let d(a) = -5*a + 5. Let s be d(w). Calculate the highest common factor of 55 and s.
5
Let v(a) be the second derivative of 7*a**3/6 - 7*a**2/2 - 4*a. Let l be v(11). Calculate the greatest common factor of l and 14.
14
Let l = -924 - -963. Calculate the highest common factor of l and 104.
13
Suppose 9*v = 4*v + 50. Let w(c) = -7 - 10 - 4 + 11*c + 23. Let k be w(8). Calculate the highest common divisor of k and v.
10
Suppose -4*z + 124 = 4*l, -z - 27 = 4*l - 5*l. Suppose -10 = -0*q - 5*q, 3*s = 2*q + 59. Let y = l - s. What is the greatest common factor of 8 and y?
8
Suppose -43*n + 5905 + 2265 = 0. What is the highest common divisor of 304 and n?
38
Let t(y) = 3*y + 162. Let z be t(-31). What is the highest common factor of 322 and z?
23
Suppose -q + 3*q = -18. Let l = q - 14. Let s = 37 + l. Calculate the highest common divisor of s and 112.
14
Let h = -22 + 34. Calculate the highest common factor of 66 and h.
6
Let i be 9/(-15)*(-15)/3. Suppose i*u = 2 + 4. Let v be -1 - (-12)/8*2. Calculate the highest common divisor of v and u.
2
Let g(i) = 58*i**2 + 14*i - 57. Let c be g(-6). Calculate the greatest common factor of c and 66.
33
Let o(a) = -262*a + 32. Let l be o(-1). Calculate the greatest common factor of l and 98.
98
Let h(f) = f**2 + 18*f + 170. Let l be h(-10). What is the greatest common divisor of 240 and l?
30
Let v = -33 + 60. Suppose 3*m + 31 = 2*f - v, 4*m - 18 = -f. What is the greatest common divisor of f and 26?
26
Let u be ((-12)/(-5))/((-9)/30). Let m be 3/(-7) - ((-17280)/(-42))/u. Calculate the highest common factor of m and 17.
17
Suppose b + 2*b - 156 = 0. Let n be b/65 - (-4)/(-5). Suppose -2*r = r - 4*g - 62, 4*r + 3*g - 66 = n. What is the greatest common factor of r and 54?
18
Let q be (392/42)/(2/27). Suppose -3*a + 35 = -7. What is the greatest common divisor of a and q?
14
Suppose -15 = 5*o, 4*o - 20 = -5*j + 3. Let u = j - -98. Let c be 1/(2/34) - 2. Calculate the greatest common factor of u and c.
15
Let s = 14 + -6. Let x be ((-1)/6)/(135/(-810)). What is the greatest common divisor of s and x?
1
Suppose 2*f - 16 = -4*g, 3*g + 1 = -4*f + 23. Suppose 5*n - 69 = -2*o, 0 = n - o + f*o - 19. Calculate the highest common factor of n and 91.
13
Let m(u) = -u + 1. Let a be m(0). Let l be a*1*(7 - 0). Let t(d) = d**3 - 7*d**2 + 4*d - 1. Let q be t(l). Calculate the highest common factor of 18 and q.
9
Let u(y) = -y + 16. Let h be u(6). Let f be (-3558)/(-27) + h/45. Let v = f + 11. Calculate the greatest common divisor of v and 13.
13
Let t be (1 + (-346)/4)/((-45)/60). What is the highest common divisor of 1539 and t?
57
Suppose -843 = -2*m + m. Suppose -l + 855 = 5*w + 4*l, -m = -5*w - l. Suppose -5*c = y - 49, -33 = -3*y - c + 44. What is the highest common divisor of w and y?
24
Let v be (2/(-4))/(9 - 61787/6864). What is the highest common divisor of 24 and v?
24
Let v be 9/3 + 2 + 3. Let y(n) = n**3 - 12*n**2 - 8*n - 57. Let m be y(13). What is the greatest common divisor of m and v?
8
Let w be 37 + (3 - 3) + -5 + 2. What is the greatest common factor of w and 187?
17
Suppose 2*x - 3*u + 2 - 184 = 0, 2*x = -u + 182. Let n = -81 + x. What is the greatest common divisor of n and 40?
10
Suppose -45*s - 82 - 5633 = 0. Let y be (-1)/3 + (-2586)/(-9). Let l = s + y. What is the highest common factor of l and 16?
16
Let h = -46 - -122. Suppose -4*f + h - 68 = 0. What is the highest common factor of 9 and f?
1
Let u be 3 + (-5)/((-10)/(-6)). Let x be (-92)/(-8)*(4 - u). Suppose -2*t = 4*a - a - 150, 0 = -2*t + a + 134. What is the highest common factor of x and t?
23
Let i be -15 - (5 - (0 + 1)). Let h(x) = x**2 + 11*x - 3. Let g be h(-6). Let w = i - g. Calculate the greatest common divisor of w and 98.
14
Suppose 9*b - 122 - 175 = 0. Calculate the greatest common factor of b and 27.
3
Let v(u) = u**2 - 15*u + 56. Let y be v(5). Calculate the greatest common factor of 258 and y.
6
Let f = -10 + 17. Suppose f*z = -9 + 86. Calculate the greatest common divisor of 55 and z.
11
Let x = -5 - -9. Let o be -48 + (-2574)/(-54) + (2600/6)/4. Calculate the highest common divisor of x and o.
4
Let k be (48 - -2) + (3/1 - 5). Let a = 53 - k. Calculate the highest common factor of 35 and a.
5
Let u = 1371 - 1344. Calculate the highest common factor of u and 2403.
27
Suppose 4*x + 13 = -2*y + y, -5*y - 99 = 3*x. Let b(a) = -2*a - 30. Let c be b(y). What is the highest common factor of 18 and c?
6
Let x be (-26)/(-7) - (-4)/14. Let h be -4 + 6 + -1 + 7. Suppose -189 = -3*i + 3*s, 2*i = x*s - h*s + 144. What is the highest common divisor of i and 44?
22
Let o = -120 + 128. Let y be 70/6 + (-4)/6. Suppose -178 = -2*n - t, 0 = n + t - y - 79. Calculate the greatest common factor of n and o.
8
Let d be (-384)/6 - (-7 - -3). Let h = -35 - d. What is the greatest common divisor of h and 100?
25
Suppose -l = 4*w + 1 + 3, -4*l = -3*w - 3. Let g be (-7)/1 - w - -3. Let t be 30 - (-2 - g)*0. What is the greatest common divisor of 20 and t?
10
Let f = 22 + -14. Suppose 25 = 5*v, -2*d + 4*v - 2 = -f. Suppose -2*b - 2*r = -84, 132 = -b + 4*b + 5*r. Calculate the greatest common divisor of b and d.
13
Let o be (103 - -2) + -1 - 12/(-2). Calculate the highest common divisor of 198 and o.
22
Suppose -6*m + m + 410 = 0. Suppose -2*i - x = -7*i + m, -x - 34 = -2*i. Let c = -14 + i. Calculate the highest common divisor of 14 and c.
2
Suppose 5*m + 5 - 25 = 0, -9 = -r + 2*m. Suppose 357 = -3*n + 6*n. Calculate the highest common factor of r and n.
17
Suppose -j + 2 = j. Let h be (-44 - 1) + (-1 - -3). Let r = -40 - h. Calculate the greatest common factor of r and j.
1
Let h(w) = w**2 - 3*w + 30. Let r be h(0). What is the greatest common factor of 120 and r?
30
Let s(a) = 33*a - 12. Let b be s(4). Suppose -4*l + 96 = -0*l. What is the highest common factor of b and l?
24
Suppose -99 = -6*s - 93. Let g be (s + (-41)/(-4))/((-27)/(-72)). Calculate the highest common divisor of g and 30.
30
Suppose 3*p = 7*p - 3*r - 972, 5*r + 486 = 2*p. What is the greatest common divisor of p and 3?
3
Suppose -2*t + 129 = -5*q, 160*t + 4*q + 63 = 161*t. What is the highest common divisor of t and 536?
67
Let y = 11 - 7. Suppose 5*v = -y*u + 193, 2*v + 5*u = 39 + 28. Let l = v - 29. What is the highest common factor of 4 and l?
4
Suppose -2*w + 224 = 5*x, 6 - 92 = -2*x + w. Let z = x + -38. What is the greatest common divisor of z and 54?
6
Let n = 3 + 1. Let p be n/(-6) - (-94)/6. Let q = 86 - 41. What is the highest common factor of p and q?
15
Suppose -4*v = -5*k + 8755, 5*v = 4*k - 7184 + 189. Calculate the highest common divisor of k and 39.
39
Let y = 1669 + -1514. Calculate the highest common divisor of y and 465.
155
Let v(f) = 2*f**2 + 4*f - 12. Suppose 0*t + 5*o = 3*t - 15, 2*t = -3*o - 9. Let r = -5 + t. Let b be v(r). What is the highest common factor of b and 36?
18
Let x be -3*44/(-12)*9. Calculate the greatest common factor of 11 and x.
11
Let w be ((-170)/51)/((-1)/21). Calculate the greatest com